(g). Is 3*3/(-9) + (0 - i) a prime number?
False
Let t(a) = a + 6. Let x be t(-3). Suppose 4*y - 31357 = -5*d, -8*d + 12540 = -6*d + x*y. Let g = d - 4380. Is g a composite number?
True
Is (-67850)/(-3) + 3410/(-930) composite?
False
Let z = 272 + -272. Suppose z = t - 5*k - 46, -t = 2*t - 5*k - 108. Is t a composite number?
False
Let d(z) = 329*z**2 - 7*z - 26. Let c(p) = -110*p**2 + 3*p + 9. Let a(x) = 11*c(x) + 4*d(x). Is a(4) prime?
False
Let g = 625180 + -427635. Is g prime?
False
Let t(n) be the second derivative of -2*n**5/5 + n**4/6 + n**3/2 - 5*n**2/2 - 7*n. Let v be t(4). Let a = v + 684. Is a prime?
True
Suppose 3*i - 2*i + 1 = 0. Is (7892*i/(-2))/2 prime?
True
Suppose a = 12*j - 14*j - 12, -3*a + 3*j - 18 = 0. Let c(d) = -6*d**3 - 13*d**2 - 16*d - 35. Is c(a) a composite number?
False
Suppose 4*a = -3*k + 62, 2*k - 38 = -5*a + 8. Suppose 109830 = -3*n + k*n. Suppose -5*d - 7652 = -2*z, 4*z + 3*d - 7956 - n = 0. Is z composite?
False
Let g = 20 - 19. Let j be 1 - ((-1)/(g/(-8)) - 3). Is ((-1618)/4)/(18/j - -4) a prime number?
True
Let l = 22699 + -17622. Is l prime?
True
Suppose -3*b = 5*y - 10969, -y + 3623 = b - 6*y. Let g = b - 1469. Is g a composite number?
False
Let x(c) = -12*c - 274. Let w be x(-22). Let i(f) = f**3 + 23*f**2 - 18*f - 41. Is i(w) a composite number?
False
Suppose -15*n + 14*n + 57261 = w, 3*n - 3*w = 171795. Is n prime?
False
Is -1*1 - (-50958 + -74)*2/8 composite?
False
Let x(s) be the third derivative of 0*s**4 + 13*s**2 + 0 + 89/60*s**5 + 0*s + 0*s**3. Is x(-1) prime?
True
Suppose 4701127 = 35*o + 38*o. Is o composite?
False
Suppose 0 = p - 2569 - 13762. Let k be (-12 + 14 - (6 - 1)) + 8. Suppose -k*a = 2*a - p. Is a composite?
False
Is ((-4361472)/(-32) - (-1)/((-1)/(-2))) + 5 a prime number?
True
Suppose 0 = -0*j + 4*j - 44. Let b = j + -11. Suppose 0 = -4*a + 12, o - 5*a - 72 - 544 = b. Is o prime?
True
Is (14/(-8))/7*-37274*564/94 composite?
True
Let h be -5*(1 - 35/25) - -4042. Let p = h + -959. Is p a composite number?
True
Let c(t) = 611790*t**3 - 6*t**2 + 134*t - 127. Is c(1) composite?
False
Let h = -551 + 550. Is 1/h + (-7)/1 + 2611 composite?
True
Suppose 0*k = k + 1034. Suppose 3*n + 2*s = 6447, 0 = -3*n + 4*n + 2*s - 2145. Let v = n + k. Is v a prime number?
True
Let i = 88 - 84. Suppose -3*v - 220 = -i*f, f = -0*f - v + 48. Is 9285/4 - 13/f a composite number?
True
Let v(r) = -r**3 - 5*r**2 - 8*r - 6. Let x be v(-4). Let q be -5 + -74 + (-4)/(-2). Is x/(-7) + 1 - 291478/q composite?
True
Suppose 1740 = -30*w + 32*w. Let o be (0 + -1 + 31)*w/18. Let m = o + -791. Is m composite?
False
Suppose -2*v - 3*f + 22895 = 0, 30*v + 57212 = 35*v - f. Is v a composite number?
False
Let g be (-180)/(1 + -10) + 1. Is ((-35)/g)/(7/(-42)) a prime number?
False
Suppose -34*j + 374515 = -22441287. Is j a composite number?
True
Suppose 11*k = -30*k + 672851. Is k composite?
False
Let d(j) = -j**3 + 9*j**2 - 6*j + 64. Let k be d(9). Suppose -k*c - 7*c + 10999 = 0. Is c a prime number?
True
Is 4 + (-3)/2*(-290903 - 27) composite?
False
Suppose 2*x - 17 = 2*c - 5*c, -3*x - 41 = -5*c. Is -3 + (-2661)/(-3) + -2 + c prime?
False
Let o = 789991 + -459104. Is o composite?
False
Let m = 293 + -289. Suppose 4582 + 4418 = 3*d - o, -11984 = -m*d - 4*o. Is d composite?
False
Suppose 4*n = -4 + 16, 73 = 2*l + 5*n. Let q(s) = s**3 - 3*s**2 - s + 1. Let y be q(7). Let b = l + y. Is b a prime number?
False
Suppose 4*r = 3*q + 110 + 52, 3*r = 2*q + 121. Suppose -6*s = -r + 9. Suppose 0 = -3*v - 3*k + 6444, -k + 0*k - s = 0. Is v a prime number?
True
Let t(q) be the second derivative of 7*q**6/120 - 37*q**4/24 - 8*q**3/3 - 4*q. Let c(u) be the second derivative of t(u). Is c(-6) a prime number?
True
Let h(d) = 3197*d**3 - 3*d**2 - 139*d + 731. Is h(6) a composite number?
False
Let l(t) = 1546*t + 82. Let w be l(12). Suppose -f + 3*f = 5*a + w, 2*a = 3*f - 27973. Is f a prime number?
False
Suppose 4*x - b = 13959, -6957 = -2*x - 46*b + 51*b. Is x prime?
True
Let v(o) = -2*o**3 + 10*o**2 + 3*o - 9. Let c be v(5). Let s(d) = 3236*d - 149. Is s(c) a composite number?
False
Let r(s) = -2*s**3 - 5 + s**2 - 7*s**2 + s**3 - 9*s. Let c be r(-4). Let h(l) = -131*l. Is h(c) composite?
False
Suppose -13*s + 28 + 24 = 0. Suppose 2*o - s*z = -8*z + 4714, -5*o + 11792 = 3*z. Is o a prime number?
False
Suppose 0 = -5*z + 5*a + 3 + 2, -2*z - 4*a + 14 = 0. Suppose -1514 = -4*k - d, 3*d + 1471 = z*k + 328. Is k a prime number?
True
Let f(t) = -14593*t - 2162. Is f(-7) composite?
False
Let r(p) be the first derivative of -7*p**4/2 + 2*p**3/3 - p**2/2 - 36*p + 33. Is r(-7) prime?
True
Let a = 22715 - -11496. Is a a composite number?
False
Suppose 4*q + c - 112823 = 0, -4*q - 84601 = -7*q - 4*c. Is q prime?
False
Suppose -3*g + 2*s = -5, -7 = -2*g - 3*s - 21. Let w be 0*5/5*g. Is (w + -2777)*(4 + -5) a prime number?
True
Suppose 123*f - 6008769 - 15597289 = -5403145. Is f a prime number?
True
Suppose 0 = -0*j + j + 110. Let k = 273 + j. Let a = 456 - k. Is a composite?
False
Suppose 0 = 9*r - 55447 + 216115. Let n = r + 34299. Is n a prime number?
True
Let w be (-113960)/(-16) + 5/(-10). Let j = w + -2779. Is j prime?
False
Let h = 27 - 15. Suppose 0 = -h*s + 16*s + 3988. Let x = -584 - s. Is x composite?
True
Let z(p) = 56538*p - 551. Is z(1) a prime number?
True
Is 9/((-252)/4356044)*(-2)/2 a composite number?
True
Let w(z) = -1254*z**2 + 5*z - 1. Let t(i) = 4*i - 24. Let b be t(7). Let n be w(b). Is (-3)/(-6) + n/(-10) composite?
True
Let m(t) = -t**3 + 13*t**2 + 19*t - 8. Let n be m(10). Suppose -2*q = 4*v - n, 0 = -4*q + 6*q - 5*v - 473. Suppose -5*w + q = -4*w. Is w a composite number?
False
Let b = 379522 + -257415. Is b a composite number?
True
Let m = -23038 + 43894. Suppose -2*g - 10 = 0, 2*o - 5*o + 3*g = -m. Is o prime?
True
Let g(u) = 520*u + 3983. Is g(9) prime?
True
Is -8 - (63932/(-12))/(2/18) prime?
False
Suppose 2*j = -5*j + 30*j - 3558307. Is j a prime number?
False
Let k(w) = w**3 + 63*w**2 + 70*w - 37. Is k(-27) a composite number?
False
Suppose -3*o = -5*n + o, -5*o = -n - 21. Suppose n*w - 4 = -3*u, 0 = -u - 15 + 11. Suppose -2*c + 3*r = w*r - 402, 0 = -c + 2*r + 211. Is c a prime number?
False
Is 8/10 + 18/108 + (-40997887)/(-210) prime?
True
Suppose 3*f - 2*u - 2 - 10 = 0, 5*f + u - 20 = 0. Let r be f*3/48*12. Suppose 5*d = -4*b + 2333, -127 = -b + r*d + 469. Is b a prime number?
True
Suppose 0 = -3*y - v + 13, -3*y - 5*v = -21 + 4. Suppose y*u - 6*u + 2*f = 310, -3*u + 5*f = 471. Let x = -25 - u. Is x composite?
False
Let q(o) = o**2 + 13*o + 7. Let r be q(-12). Let z(x) = x + 1. Let c be z(r). Is 1507/c*(-13 + 9) a prime number?
False
Let o be ((-5)/45*3)/((-3)/135). Let q be (o/(-6))/((-3)/6). Let n(s) = 173*s + 22. Is n(q) a composite number?
False
Let f(m) be the third derivative of -m**6/60 + 3*m**5/10 + m**4/12 - 4*m**3/3 - m**2 + 57. Let p = 17 - 10. Is f(p) a composite number?
True
Let o = 66 + -63. Is -2326*(-4)/24*o a prime number?
True
Let f be (5/((-10)/(-8)))/(2/142). Let q = f + 411. Suppose -5*s + q = -2760. Is s a composite number?
False
Let p(i) = i**3 + i**2 - 8*i + 4. Let h be p(5). Let f = 283 + h. Is f a composite number?
False
Let v(m) = 200*m - 43. Let s(h) = -403*h + 87. Let o(i) = -4*s(i) - 7*v(i). Is o(12) a composite number?
True
Let s(c) = -c**3 + 14*c**2 - 23*c - 11. Suppose t - 1 = 0, -3*j + 3*t + 30 + 3 = 0. Let r be s(j). Is (0 - -2) + r - (-796 + 2) a composite number?
False
Suppose -q + 39 = -4*q. Is q/(-2)*269*26/13 composite?
True
Let m be ((-2)/(-6))/(15/(-225)) + 9. Suppose -m*l = 5*u - 1009, 15*l - 14*l - 2*u - 249 = 0. Is l prime?
True
Suppose 0 = 43*o - 41*o - f - 1224806, -4*o + 2449616 = -3*f. Is o a prime number?
True
Suppose -5*f - 1453 = 2*u - 652, 5*u - 493 = 3*f. Let s(m) = 21*m + 2. Let h be s(4). Let a = h - f. Is a prime?
False
Suppose -6 = 5*h - 141. Let q be h/135 + (-4446)/5. Let m = q - -1334. Is m composite?
True
Let y(o) = -18*o + 23*o + 20*o. Let v(q) = q**3 - q**2 + 1. Let f be v(1). Is y(f) composite?
True
Let r(z) = z**3 + 8*z**2 + 4*z + 10. Let h be r(-6). Suppose h*o = 61*o - 9129. Is o prime?
False
Let t(h) = h**3 - 4*h**2 + 4. Let l be t(4). Let c be (-13)/(-52) + (-1)/l. Is (3*1)/(c - 24/(-20936)) a composite number?
False
Let y be 20/40 - 2/4. Suppose y =